{"id":3083,"date":"2021-12-01T18:24:03","date_gmt":"2021-12-01T18:24:03","guid":{"rendered":"https:\/\/hyptia.com\/?page_id=3083"},"modified":"2023-06-22T15:58:47","modified_gmt":"2023-06-22T15:58:47","slug":"esencial","status":"publish","type":"page","link":"https:\/\/hyptia.com\/index.php\/esencial\/","title":{"rendered":""},"content":{"rendered":"<div id=\"pl-gb3083-69fc8bcbbade1\"  class=\"panel-layout\" ><div id=\"pg-gb3083-69fc8bcbbade1-0\"  class=\"panel-grid panel-has-style\" ><div class=\"siteorigin-panels-stretch panel-row-style panel-row-style-for-gb3083-69fc8bcbbade1-0\" data-stretch-type=\"full-stretched\" ><div id=\"pgc-gb3083-69fc8bcbbade1-0-0\"  class=\"panel-grid-cell\" ><div id=\"panel-gb3083-69fc8bcbbade1-0-0-0\" class=\"so-panel widget widget_sow-hero panel-first-child panel-last-child\" data-index=\"0\" ><div class=\"so-widget-sow-hero so-widget-sow-hero-default-2582f61f73d9 so-widget-fittext-wrapper\" data-fit-text-compressor=\"1.25\"><div class=\"sow-slider-base \" style=\"display: none\"><ul class=\"sow-slider-images\" data-settings=\"{&quot;pagination&quot;:true,&quot;speed&quot;:&quot;800&quot;,&quot;timeout&quot;:&quot;8000&quot;,&quot;paused&quot;:false,&quot;pause_on_hover&quot;:false,&quot;swipe&quot;:&quot;on&quot;,&quot;nav_always_show_mobile&quot;:&quot;&quot;,&quot;breakpoint&quot;:&quot;780px&quot;}\">\t\t<li class=\"sow-slider-image  sow-slider-image-cover\" style=\"background-color: #222222\" >\n\t\t\t\t\t<div class=\"sow-slider-image-container\">\n\t\t\t<div class=\"sow-slider-image-wrapper\">\n\t\t\t\t<h2 style=\"text-align: center\">ESENCIAL<\/h2>\n<p>&nbsp;<\/p>\n<p style=\"text-align: center\">Encuntra tu propia esencia &amp; tu verdadero estilo<\/p>\n<p style=\"text-align: center\">huyendo de las tendencias pasajeras.<\/p>\n<p>&nbsp;<\/p>\n<div class=\"sow-hero-buttons\" style=\"text-align: center\"><div class=\"so-widget-sow-button so-widget-sow-button-flat-9052a9b1e71d\"><div class=\"ow-button-base ow-button-align-center\">\n\t<a href=\"https:\/\/hyptia.com\/index.php\/contacto\/\" class=\"ow-icon-placement-left ow-button-hover\" target=\"_blank\" rel=\"noopener noreferrer\" \t\t>\n\t\t<span>\n\t\t\t\n\t\t\tCONTACTANOS\t\t<\/span>\n\t<\/a>\n<\/div>\n<\/div><\/div>\n\t\t\t<\/div>\n\t\t<\/div>\n\t\t<div class=\"sow-slider-image-overlay sow-slider-image-cover\" style=\"background-image: url(https:\/\/hyptia.com\/wp-content\/uploads\/2021\/11\/HYPTIA-26-1-scaled.jpg);opacity: 0.35\"  ><\/div>\t\t<\/li>\n\t\t<\/ul>\t\t\t\t<ol class=\"sow-slider-pagination\">\n\t\t\t\t\t\t\t\t\t\t\t<li><a href=\"#\" data-goto=\"0\" aria-label=\"mostrar diapositiva 1\"><\/a><\/li>\n\t\t\t\t\t\t\t\t\t<\/ol>\n\n\t\t\t\t<div class=\"sow-slide-nav sow-slide-nav-next\">\n\t\t\t\t\t<a href=\"#\" data-goto=\"next\" aria-label=\"diapositiva siguiente\" data-action=\"next\">\n\t\t\t\t\t\t<em class=\"sow-sld-icon-thin-right\"><\/em>\n\t\t\t\t\t<\/a>\n\t\t\t\t<\/div>\n\n\t\t\t\t<div class=\"sow-slide-nav sow-slide-nav-prev\">\n\t\t\t\t\t<a href=\"#\" data-goto=\"previous\" aria-label=\"diapositiva anterior\" data-action=\"prev\">\n\t\t\t\t\t\t<em class=\"sow-sld-icon-thin-left\"><\/em>\n\t\t\t\t\t<\/a>\n\t\t\t\t<\/div>\n\t\t\t\t<\/div><\/div><\/div><\/div><\/div><\/div><div id=\"pg-gb3083-69fc8bcbbade1-1\"  class=\"panel-grid panel-has-style\" ><div class=\"siteorigin-panels-stretch panel-row-style panel-row-style-for-gb3083-69fc8bcbbade1-1\" data-stretch-type=\"full\" ><div id=\"pgc-gb3083-69fc8bcbbade1-1-0\"  class=\"panel-grid-cell\" ><div id=\"panel-gb3083-69fc8bcbbade1-1-0-0\" class=\"so-panel widget widget_sow-headline panel-first-child\" data-index=\"1\" ><div class=\"panel-widget-style panel-widget-style-for-gb3083-69fc8bcbbade1-1-0-0\" ><div class=\"so-widget-sow-headline so-widget-sow-headline-default-3f05e3fcc0b8 so-widget-fittext-wrapper\" data-fit-text-compressor=\"0.85\"><div class=\"sow-headline-container \">\n\t<h2 class='sow-headline'>QU\u00c9 OFRECEMOS?<\/h2><p class='sow-sub-headline'>Entendemos el estilo no como una caracter\u00edstica que va cambiando con las tendencias o las modas pasajeras sin\u00f3 como el conjunto de elementos y detalles que forman tu identidad \u00fanica. Con nuestra asesor\u00eda b\u00e1sica y a trav\u00e9s del m\u00e9todo desarrollado por Hyptia, encontrar\u00e1s tu propia esencia &amp; tu verdadero estilo. <\/p><\/div><\/div><\/div><\/div><div id=\"panel-gb3083-69fc8bcbbade1-1-0-1\" class=\"so-panel widget widget_sow-features panel-last-child\" data-index=\"2\" ><div class=\"panel-widget-style panel-widget-style-for-gb3083-69fc8bcbbade1-1-0-1\" ><div class=\"so-widget-sow-features so-widget-sow-features-default-eaee6ecf610a\">\n<div class=\"sow-features-list sow-features-responsive\">\n\n\t\t\t\n\t\t\t<div class=\"sow-features-feature sow-icon-container-position-top sow-features-feature-last-row\" style=\"width: 33.333%\">\n\n\t\t\t\t\t\t\t\t<div\n\t\t\t\t\tclass=\"sow-icon-container sow-container-none\"\n                    style=\"color: #000000; \"\n\t\t\t\t\ttitle=\"SESI\u00d3N PRIVADA\">\n\t\t\t\t\t<span class=\"sow-icon-elegantline\" data-sow-icon=\"&#xe049;\"\n\t\tstyle=\"font-size: 65px; color: #000000\" ><\/span>\t\t\t\t<\/div>\n\t\t\t\t\n\t\t\t\t<div class=\"textwidget\">\n\t\t\t\t\t\t\t\t\t\t\t<h5>\n\t\t\t\t\t\t\t\t\t\t\t\t\t\tSESI\u00d3N                                                      PRIVADA\t\t\t\t\t\t\t\t\t\t\t\t\t<\/h5>\n\t\t\t\t\t\n\t\t\t\t\t\t\t\t\t\t\t<p>Primera toma de contacto, tests personalizados &amp; sesi\u00f3n online con una estilista para definir tu estilo &amp; responder dudas.<\/p>\n\t\t\t\t\t\n\t\t\t\t\t\t\t\t\t<\/div>\n\t\t\t<\/div>\n\n\t\t\n\t\t\t<div class=\"sow-features-feature sow-icon-container-position-top sow-features-feature-last-row\" style=\"width: 33.333%\">\n\n\t\t\t\t\t\t\t\t<div\n\t\t\t\t\tclass=\"sow-icon-container sow-container-none\"\n                    style=\"color: #000000; \"\n\t\t\t\t\ttitle=\"DOSIER PERSONALIZADO\">\n\t\t\t\t\t<span class=\"sow-icon-elegantline\" data-sow-icon=\"&#xe00a;\"\n\t\tstyle=\"font-size: 65px; color: #000000\" ><\/span>\t\t\t\t<\/div>\n\t\t\t\t\n\t\t\t\t<div class=\"textwidget\">\n\t\t\t\t\t\t\t\t\t\t\t<h5>\n\t\t\t\t\t\t\t\t\t\t\t\t\t\tDOSIER PERSONALIZADO\t\t\t\t\t\t\t\t\t\t\t\t\t<\/h5>\n\t\t\t\t\t\n\t\t\t\t\t\t\t\t\t\t\t<p>Incluye un <strong>panel de inspiraci\u00f3n<\/strong> en el que podr\u00e1s identificar de manera intuitiva tu personalidad en moda a trav\u00e9s de <strong>tejidos<\/strong>, <strong>estampados<\/strong>, <strong>texturas<\/strong>, <strong>gamma de colores<\/strong>,<strong> siluetas<\/strong><\/p>\n\t\t\t\t\t\n\t\t\t\t\t\t\t\t\t<\/div>\n\t\t\t<\/div>\n\n\t\t\n\t\t\t<div class=\"sow-features-feature sow-icon-container-position-top sow-features-feature-last-row\" style=\"width: 33.333%\">\n\n\t\t\t\t\t\t\t\t<div\n\t\t\t\t\tclass=\"sow-icon-container sow-container-none\"\n                    style=\"color: #000000; \"\n\t\t\t\t\ttitle=\"2 looks\">\n\t\t\t\t\t<span class=\"sow-icon-elegantline\" data-sow-icon=\"&#xe008;\"\n\t\tstyle=\"font-size: 65px; color: #000000\" ><\/span>\t\t\t\t<\/div>\n\t\t\t\t\n\t\t\t\t<div class=\"textwidget\">\n\t\t\t\t\t\t\t\t\t\t\t<h5>\n\t\t\t\t\t\t\t\t\t\t\t\t\t\tCONSEJOS &amp; PRENDAS CLAVE\t\t\t\t\t\t\t\t\t\t\t\t\t<\/h5>\n\t\t\t\t\t\n\t\t\t\t\t\t\t\t\t\t\t<p>Listado de consejos &amp; prendas clave que te ayudar\u00e1n a aplicar tu estilo en cualquier tipo de ocasi\u00f3n de forma aut\u00f3noma, r\u00e1pida &amp; eficaz.<\/p>\n\t\t\t\t\t\n\t\t\t\t\t\t\t\t\t<\/div>\n\t\t\t<\/div>\n\n\t\t\t\n<\/div>\n<\/div><\/div><\/div><\/div><\/div><\/div><div id=\"pg-gb3083-69fc8bcbbade1-2\"  class=\"panel-grid panel-has-style\" ><div class=\"siteorigin-panels-stretch panel-row-style panel-row-style-for-gb3083-69fc8bcbbade1-2\" data-stretch-type=\"full\" ><div id=\"pgc-gb3083-69fc8bcbbade1-2-0\"  class=\"panel-grid-cell\" ><div id=\"panel-gb3083-69fc8bcbbade1-2-0-0\" class=\"so-panel widget widget_sow-headline panel-first-child panel-last-child\" data-index=\"3\" ><div class=\"panel-widget-style panel-widget-style-for-gb3083-69fc8bcbbade1-2-0-0\" ><div class=\"so-widget-sow-headline so-widget-sow-headline-default-9b582080be18\"><div class=\"sow-headline-container \">\n\t<h3 class='sow-headline'>REIMAGINA<\/h3><\/div><\/div><\/div><\/div><\/div><div id=\"pgc-gb3083-69fc8bcbbade1-2-1\"  class=\"panel-grid-cell\" ><div id=\"panel-gb3083-69fc8bcbbade1-2-1-0\" class=\"so-panel widget widget_sow-headline panel-first-child panel-last-child\" data-index=\"4\" ><div class=\"panel-widget-style panel-widget-style-for-gb3083-69fc8bcbbade1-2-1-0\" ><div class=\"so-widget-sow-headline so-widget-sow-headline-default-9b582080be18\"><div class=\"sow-headline-container \">\n\t<h3 class='sow-headline'>RENUEVA<\/h3><\/div><\/div><\/div><\/div><\/div><div id=\"pgc-gb3083-69fc8bcbbade1-2-2\"  class=\"panel-grid-cell\" ><div id=\"panel-gb3083-69fc8bcbbade1-2-2-0\" class=\"so-panel widget widget_sow-headline panel-first-child panel-last-child\" data-index=\"5\" ><div class=\"panel-widget-style panel-widget-style-for-gb3083-69fc8bcbbade1-2-2-0\" ><div class=\"so-widget-sow-headline so-widget-sow-headline-default-7978d4cbe9a3\"><div class=\"sow-headline-container \">\n\t<h3 class='sow-headline'>REVUELVE<\/h3><\/div><\/div><\/div><\/div><\/div><div id=\"pgc-gb3083-69fc8bcbbade1-2-3\"  class=\"panel-grid-cell\" ><div id=\"panel-gb3083-69fc8bcbbade1-2-3-0\" class=\"so-panel widget widget_sow-headline panel-first-child panel-last-child\" data-index=\"6\" ><div class=\"panel-widget-style panel-widget-style-for-gb3083-69fc8bcbbade1-2-3-0\" ><div class=\"so-widget-sow-headline so-widget-sow-headline-default-7978d4cbe9a3\"><div class=\"sow-headline-container \">\n\t<h3 class='sow-headline'>TU ARMARIO<\/h3><\/div><\/div><\/div><\/div><\/div><\/div><\/div><div id=\"pg-gb3083-69fc8bcbbade1-3\"  class=\"panel-grid panel-has-style\" ><div class=\"siteorigin-panels-stretch panel-row-style panel-row-style-for-gb3083-69fc8bcbbade1-3\" data-stretch-type=\"full-stretched-padded\" ><div id=\"pgc-gb3083-69fc8bcbbade1-3-0\"  class=\"panel-grid-cell\" ><div id=\"panel-gb3083-69fc8bcbbade1-3-0-0\" class=\"so-panel widget widget_sow-headline panel-first-child panel-last-child\" data-index=\"7\" ><div class=\"so-widget-sow-headline so-widget-sow-headline-default-0dc08b26b18e so-widget-fittext-wrapper\" data-fit-text-compressor=\"0.85\"><div class=\"sow-headline-container \">\n\t<h2 class='sow-headline'>La nueva forma de entender la moda !<\/h2><p class='sow-sub-headline'>&amp; de entenderte a ti<\/p><\/div><\/div><\/div><\/div><\/div><\/div><\/div>\n\n\n<div style=\"height:76px\" aria-hidden=\"true\" class=\"wp-block-spacer\"><\/div>\n\n\n\n<div class=\"is-layout-flex wp-container-3 wp-block-columns\">\n<div class=\"is-layout-flow wp-block-column\" style=\"flex-basis:33.33%\">\n<h2>VAMOS ALL\u00c1<\/h2>\n\n\n\n<p>\u00a1 RESERVA YA TU CITA GRATUITA ! 30 minutos para conocernos y crear tu asesoramiento personalizado<\/p>\n<\/div>\n\n\n\n<div class=\"is-layout-flow wp-block-column\" style=\"flex-basis:66.66%\"><div class=\"wp-block-jetpack-contact-form\"><a href=\"https:\/\/hyptia.com\/index.php\/esencial\/\" target=\"_blank\" rel=\"noopener noreferrer\">Env\u00eda un formulario.<\/a><\/div><\/div>\n<\/div>\n\n\n<div id=\"pl-gb3083-69fc8bcbd4cc4\"  class=\"panel-layout\" ><div id=\"pg-gb3083-69fc8bcbd4cc4-0\"  class=\"panel-grid panel-has-style\" ><div class=\"siteorigin-panels-stretch panel-row-style panel-row-style-for-gb3083-69fc8bcbd4cc4-0\" data-stretch-type=\"full\" ><div id=\"pgc-gb3083-69fc8bcbd4cc4-0-0\"  class=\"panel-grid-cell\" ><div id=\"panel-gb3083-69fc8bcbd4cc4-0-0-0\" class=\"so-panel widget widget_sow-headline panel-first-child\" data-index=\"0\" ><div class=\"panel-widget-style panel-widget-style-for-gb3083-69fc8bcbd4cc4-0-0-0\" ><div class=\"so-widget-sow-headline so-widget-sow-headline-default-88bdbf9b42fa so-widget-fittext-wrapper\" data-fit-text-compressor=\"0.85\"><div class=\"sow-headline-container \">\n\t<h2 class='sow-headline'>CONOCE M\u00c1S CONTENIDO <\/h2><p class='sow-sub-headline'>Editoriales, art\u00edculos de opini\u00f3n, fashion films, street style&#8230;<\/p><\/div><\/div><\/div><\/div><div id=\"panel-gb3083-69fc8bcbd4cc4-0-0-1\" class=\"so-panel widget widget_sow-post-carousel panel-last-child\" data-index=\"1\" ><div class=\"panel-widget-style panel-widget-style-for-gb3083-69fc8bcbd4cc4-0-0-1\" ><div class=\"so-widget-sow-post-carousel so-widget-sow-post-carousel-default-a2ed23d83072\">\n\t<div class=\"sow-carousel-title has-title\">\n\t\t<h3 class=\"widget-title\">Editoriales,  articulos de opini\u00f3n,  fashion films&#8230;<\/h3>\n\t\t<div class=\"sow-carousel-navigation\">\n\t\t\t<a href=\"#\" class=\"sow-carousel-next\" title=\"Siguiente\" aria-label=\"Entradas siguientes\" role=\"button\"><\/a>\n\t\t\t<a href=\"#\" class=\"sow-carousel-previous\" title=\"Anterior\" aria-label=\"Entradas anteriores\" role=\"button\"><\/a>\n\t\t<\/div>\n\n\t<\/div>\n\n\t<div class=\"sow-carousel-container\">\n\n\t\t<a href=\"#\" class=\"sow-carousel-previous\" title=\"Anterior\" aria-label=\"Entradas anteriores\" role=\"button\"><\/a>\n\n\t\t<a href=\"#\" class=\"sow-carousel-next\" title=\"Siguiente\" aria-label=\"Entradas siguientes\" role=\"button\"><\/a>\n\n\t\t<div class=\"sow-carousel-wrapper\"\n\t\t     data-post-count=\"4\"\n\t\t     data-loop-posts-enabled=\"\"\n\t\t     data-ajax-url=\"https:\/\/hyptia.com\/wp-admin\/admin-ajax.php?_widgets_nonce=4c0b7e45b7\"\n\t\t     data-page=\"1\"\n\t\t     data-fetching=\"false\"\n\t\t     data-dir=\"ltr\"\n\t\t     data-responsive=\"{&quot;desktop_slides&quot;:1,&quot;tablet_portrait_slides&quot;:2,&quot;tablet_portrait_breakpoint&quot;:1025,&quot;tablet_landscape_slides&quot;:2,&quot;tablet_landscape_breakpoint&quot;:1366,&quot;mobile_breakpoint&quot;:480,&quot;mobile_slides&quot;:1}\"\n\t\t>\n\t\t\t<div class=\"sow-carousel-items\">\n\t\t\t\t\t<div class=\"sow-carousel-item\" tabindex=\"-1\">\n\t\t<div class=\"sow-carousel-thumbnail\">\n\t\t\t\t\t\t\t<a href=\"https:\/\/hyptia.com\/index.php\/2021\/12\/16\/concious\/\"\n\t\t\t\t\t\t\t\t\t\tstyle=\"background-image: url( https:\/\/hyptia.com\/wp-content\/uploads\/2021\/12\/QUADRES-WEB-4_Mesa-de-trabajo-1-272x182.jpg )\"\n\t\t\t\t\taria-labelledby=\"sow-carousel-id-2977\"\n\t\t\t\t\ttabindex=\"-1\">\n\t\t\t\t\t<span class=\"overlay\"><\/span>\n\t\t\t\t<\/a>\n\t\t\t\t\t<\/div>\n\t\t<h3><a href=\"https:\/\/hyptia.com\/index.php\/2021\/12\/16\/concious\/\" id=\"sow-carousel-id-2977\"  tabindex=\"-1\">\u00abconcious\u00bb<\/a><\/h3>\n\t<\/div>\n\t<div class=\"sow-carousel-item\" tabindex=\"-1\">\n\t\t<div class=\"sow-carousel-thumbnail\">\n\t\t\t\t\t\t\t<a href=\"https:\/\/hyptia.com\/index.php\/2021\/11\/23\/historiascompartidas\/\"\n\t\t\t\t\t\t\t\t\t\tstyle=\"background-image: url( https:\/\/hyptia.com\/wp-content\/uploads\/2021\/11\/QUADRES-WEB-3_Mesa-de-trabajo-1-272x182.jpg )\"\n\t\t\t\t\taria-labelledby=\"sow-carousel-id-2978\"\n\t\t\t\t\ttabindex=\"-1\">\n\t\t\t\t\t<span class=\"overlay\"><\/span>\n\t\t\t\t<\/a>\n\t\t\t\t\t<\/div>\n\t\t<h3><a href=\"https:\/\/hyptia.com\/index.php\/2021\/11\/23\/historiascompartidas\/\" id=\"sow-carousel-id-2978\"  tabindex=\"-1\">HISTORIAS n\u00ba 1<\/a><\/h3>\n\t<\/div>\n\t<div class=\"sow-carousel-item\" tabindex=\"-1\">\n\t\t<div class=\"sow-carousel-thumbnail\">\n\t\t\t\t\t\t\t<a href=\"https:\/\/hyptia.com\/index.php\/2021\/11\/06\/esenza\/\"\n\t\t\t\t\t\t\t\t\t\tstyle=\"background-image: url( https:\/\/hyptia.com\/wp-content\/uploads\/2021\/11\/QUADRES-WEB-2_Mesa-de-trabajo-1-272x182.jpg )\"\n\t\t\t\t\taria-labelledby=\"sow-carousel-id-2901\"\n\t\t\t\t\ttabindex=\"-1\">\n\t\t\t\t\t<span class=\"overlay\"><\/span>\n\t\t\t\t<\/a>\n\t\t\t\t\t<\/div>\n\t\t<h3><a href=\"https:\/\/hyptia.com\/index.php\/2021\/11\/06\/esenza\/\" id=\"sow-carousel-id-2901\"  tabindex=\"-1\">ESENZA<\/a><\/h3>\n\t<\/div>\n\t<div class=\"sow-carousel-item\" tabindex=\"-1\">\n\t\t<div class=\"sow-carousel-thumbnail\">\n\t\t\t\t\t\t\t<a href=\"https:\/\/hyptia.com\/index.php\/2020\/12\/12\/post1\/\"\n\t\t\t\t\t\t\t\t\t\tstyle=\"background-image: url( https:\/\/hyptia.com\/wp-content\/uploads\/2020\/12\/PORTADA_ARTICULO_1-272x182.jpg )\"\n\t\t\t\t\taria-labelledby=\"sow-carousel-id-1509\"\n\t\t\t\t\ttabindex=\"-1\">\n\t\t\t\t\t<span class=\"overlay\"><\/span>\n\t\t\t\t<\/a>\n\t\t\t\t\t<\/div>\n\t\t<h3><a href=\"https:\/\/hyptia.com\/index.php\/2020\/12\/12\/post1\/\" id=\"sow-carousel-id-1509\"  tabindex=\"-1\">ROLES DE G\u00c9NERO<\/a><\/h3>\n\t<\/div>\n\t\t\t<\/div>\n\t\t<\/div>\n\t<\/div>\n\t<input type=\"hidden\" name=\"instance_hash\" value=\"985c2d95\"\/>\n<\/div><\/div><\/div><\/div><\/div><\/div><div id=\"pg-gb3083-69fc8bcbd4cc4-1\"  class=\"panel-grid panel-no-style\" ><div id=\"pgc-gb3083-69fc8bcbd4cc4-1-0\"  class=\"panel-grid-cell panel-grid-cell-empty\" ><\/div><\/div><div id=\"pg-gb3083-69fc8bcbd4cc4-2\"  class=\"panel-grid panel-no-style\" ><div id=\"pgc-gb3083-69fc8bcbd4cc4-2-0\"  class=\"panel-grid-cell\" ><div id=\"panel-gb3083-69fc8bcbd4cc4-2-0-0\" class=\"so-panel widget widget_sow-slider panel-first-child panel-last-child\" data-index=\"2\" ><div class=\"so-widget-sow-slider so-widget-sow-slider-default-abf3e628296a\"><div class=\"sow-slider-base \" style=\"display: none\"><ul class=\"sow-slider-images\" data-settings=\"{&quot;pagination&quot;:true,&quot;speed&quot;:800,&quot;timeout&quot;:8000,&quot;paused&quot;:false,&quot;pause_on_hover&quot;:false,&quot;swipe&quot;:true,&quot;nav_always_show_mobile&quot;:&quot;&quot;,&quot;breakpoint&quot;:&quot;780px&quot;}\">\t\t<li class=\"sow-slider-image\" style=\"\" >\n\t\t\t<video class=\"sow-full-element\" autoplay loop muted playsinline><source src=\"https:\/\/hyptia.com\/wp-content\/uploads\/2020\/11\/logo-passant-1.mp4\" type=\"video\/mp4\"><\/video>\t\t<\/li>\n\t\t\t\t<li class=\"sow-slider-image\" style=\"\" >\n\t\t\t\t\t\t\t\t\t\t\t\t\t\t\t\t\t<\/li>\n\t\t<\/ul>\t\t\t\t<ol class=\"sow-slider-pagination\">\n\t\t\t\t\t\t\t\t\t\t\t<li><a href=\"#\" data-goto=\"0\" aria-label=\"mostrar diapositiva 1\"><\/a><\/li>\n\t\t\t\t\t\t\t\t\t\t\t<li><a href=\"#\" data-goto=\"1\" aria-label=\"mostrar diapositiva 2\"><\/a><\/li>\n\t\t\t\t\t\t\t\t\t<\/ol>\n\n\t\t\t\t<div class=\"sow-slide-nav sow-slide-nav-next\">\n\t\t\t\t\t<a href=\"#\" data-goto=\"next\" aria-label=\"diapositiva siguiente\" data-action=\"next\">\n\t\t\t\t\t\t<em class=\"sow-sld-icon-thin-right\"><\/em>\n\t\t\t\t\t<\/a>\n\t\t\t\t<\/div>\n\n\t\t\t\t<div class=\"sow-slide-nav sow-slide-nav-prev\">\n\t\t\t\t\t<a href=\"#\" data-goto=\"previous\" aria-label=\"diapositiva anterior\" data-action=\"prev\">\n\t\t\t\t\t\t<em class=\"sow-sld-icon-thin-left\"><\/em>\n\t\t\t\t\t<\/a>\n\t\t\t\t<\/div>\n\t\t\t\t<\/div><\/div><\/div><\/div><\/div><\/div>","protected":false},"excerpt":{"rendered":"<p>VAMOS ALL\u00c1 \u00a1 RESERVA YA TU CITA GRATUITA ! 30 minutos para conocernos y crear tu asesoramiento personalizado<\/p>\n","protected":false},"author":1,"featured_media":0,"parent":0,"menu_order":0,"comment_status":"closed","ping_status":"closed","template":"","meta":{"neve_meta_sidebar":"full-width","neve_meta_container":"","neve_meta_enable_content_width":"on","neve_meta_content_width":100,"neve_meta_title_alignment":"","neve_meta_author_avatar":"","neve_post_elements_order":"","neve_meta_disable_header":"","neve_meta_disable_footer":"","neve_meta_disable_title":"","_themeisle_gutenberg_block_has_review":false,"_ti_tpc_template_sync":false,"_ti_tpc_template_id":"","spay_email":""},"yoast_head":"<!-- This site is optimized with the Yoast SEO plugin v18.9 - https:\/\/yoast.com\/wordpress\/plugins\/seo\/ -->\n<title>- HYPTIA - ASESOR\u00cdAS &amp; ESTILISMO<\/title>\n<meta name=\"robots\" content=\"index, follow, max-snippet:-1, max-image-preview:large, max-video-preview:-1\" \/>\n<link rel=\"canonical\" href=\"https:\/\/hyptia.com\/index.php\/esencial\/\" \/>\n<meta property=\"og:locale\" content=\"es_ES\" \/>\n<meta property=\"og:type\" content=\"article\" \/>\n<meta property=\"og:title\" content=\"- HYPTIA - ASESOR\u00cdAS &amp; ESTILISMO\" \/>\n<meta property=\"og:description\" content=\"VAMOS ALL\u00c1 \u00a1 RESERVA YA TU CITA GRATUITA ! 30 minutos para conocernos y crear tu asesoramiento personalizado\" \/>\n<meta property=\"og:url\" content=\"https:\/\/hyptia.com\/index.php\/esencial\/\" \/>\n<meta property=\"og:site_name\" content=\"HYPTIA - ASESOR\u00cdAS &amp; ESTILISMO\" \/>\n<meta property=\"article:modified_time\" content=\"2023-06-22T15:58:47+00:00\" \/>\n<meta name=\"twitter:card\" content=\"summary_large_image\" \/>\n<meta name=\"twitter:label1\" content=\"Tiempo de lectura\" \/>\n\t<meta name=\"twitter:data1\" content=\"6 minutos\" \/>\n<script type=\"application\/ld+json\" class=\"yoast-schema-graph\">{\"@context\":\"https:\/\/schema.org\",\"@graph\":[{\"@type\":\"WebSite\",\"@id\":\"https:\/\/hyptia.com\/#website\",\"url\":\"https:\/\/hyptia.com\/\",\"name\":\"HYPTIA - ASESOR\u00cdAS &amp; ESTILISMO\",\"description\":\"El universo creativo que une moda y experimentaci\u00f3n, donde encontrar aquello que te inspira y descubrirte a ti a trav\u00e9s del arte del estilismo, el asesoramiento de moda y la direcci\u00f3n creativa :)\",\"potentialAction\":[{\"@type\":\"SearchAction\",\"target\":{\"@type\":\"EntryPoint\",\"urlTemplate\":\"https:\/\/hyptia.com\/?s={search_term_string}\"},\"query-input\":\"required name=search_term_string\"}],\"inLanguage\":\"es\"},{\"@type\":\"WebPage\",\"@id\":\"https:\/\/hyptia.com\/index.php\/esencial\/#webpage\",\"url\":\"https:\/\/hyptia.com\/index.php\/esencial\/\",\"name\":\"- HYPTIA - ASESOR\u00cdAS &amp; ESTILISMO\",\"isPartOf\":{\"@id\":\"https:\/\/hyptia.com\/#website\"},\"datePublished\":\"2021-12-01T18:24:03+00:00\",\"dateModified\":\"2023-06-22T15:58:47+00:00\",\"breadcrumb\":{\"@id\":\"https:\/\/hyptia.com\/index.php\/esencial\/#breadcrumb\"},\"inLanguage\":\"es\",\"potentialAction\":[{\"@type\":\"ReadAction\",\"target\":[\"https:\/\/hyptia.com\/index.php\/esencial\/\"]}]},{\"@type\":\"BreadcrumbList\",\"@id\":\"https:\/\/hyptia.com\/index.php\/esencial\/#breadcrumb\",\"itemListElement\":[{\"@type\":\"ListItem\",\"position\":1,\"name\":\"Portada\",\"item\":\"https:\/\/hyptia.com\/\"},{\"@type\":\"ListItem\",\"position\":2,\"name\":\"\"}]}]}<\/script>\n<!-- \/ Yoast SEO plugin. -->","yoast_head_json":{"title":"- HYPTIA - ASESOR\u00cdAS &amp; ESTILISMO","robots":{"index":"index","follow":"follow","max-snippet":"max-snippet:-1","max-image-preview":"max-image-preview:large","max-video-preview":"max-video-preview:-1"},"canonical":"https:\/\/hyptia.com\/index.php\/esencial\/","og_locale":"es_ES","og_type":"article","og_title":"- HYPTIA - ASESOR\u00cdAS &amp; ESTILISMO","og_description":"VAMOS ALL\u00c1 \u00a1 RESERVA YA TU CITA GRATUITA ! 30 minutos para conocernos y crear tu asesoramiento personalizado","og_url":"https:\/\/hyptia.com\/index.php\/esencial\/","og_site_name":"HYPTIA - ASESOR\u00cdAS &amp; ESTILISMO","article_modified_time":"2023-06-22T15:58:47+00:00","twitter_card":"summary_large_image","twitter_misc":{"Tiempo de lectura":"6 minutos"},"schema":{"@context":"https:\/\/schema.org","@graph":[{"@type":"WebSite","@id":"https:\/\/hyptia.com\/#website","url":"https:\/\/hyptia.com\/","name":"HYPTIA - ASESOR\u00cdAS &amp; ESTILISMO","description":"El universo creativo que une moda y experimentaci\u00f3n, donde encontrar aquello que te inspira y descubrirte a ti a trav\u00e9s del arte del estilismo, el asesoramiento de moda y la direcci\u00f3n creativa :)","potentialAction":[{"@type":"SearchAction","target":{"@type":"EntryPoint","urlTemplate":"https:\/\/hyptia.com\/?s={search_term_string}"},"query-input":"required name=search_term_string"}],"inLanguage":"es"},{"@type":"WebPage","@id":"https:\/\/hyptia.com\/index.php\/esencial\/#webpage","url":"https:\/\/hyptia.com\/index.php\/esencial\/","name":"- HYPTIA - ASESOR\u00cdAS &amp; ESTILISMO","isPartOf":{"@id":"https:\/\/hyptia.com\/#website"},"datePublished":"2021-12-01T18:24:03+00:00","dateModified":"2023-06-22T15:58:47+00:00","breadcrumb":{"@id":"https:\/\/hyptia.com\/index.php\/esencial\/#breadcrumb"},"inLanguage":"es","potentialAction":[{"@type":"ReadAction","target":["https:\/\/hyptia.com\/index.php\/esencial\/"]}]},{"@type":"BreadcrumbList","@id":"https:\/\/hyptia.com\/index.php\/esencial\/#breadcrumb","itemListElement":[{"@type":"ListItem","position":1,"name":"Portada","item":"https:\/\/hyptia.com\/"},{"@type":"ListItem","position":2,"name":""}]}]}},"uagb_featured_image_src":{"full":false,"thumbnail":false,"medium":false,"medium_large":false,"large":false,"1536x1536":false,"2048x2048":false,"neve-blog":false,"sow-carousel-default":false},"uagb_author_info":{"display_name":"contactbetas@gmail.com","author_link":"https:\/\/hyptia.com\/index.php\/author\/contactbetasgmail-com\/"},"uagb_comment_info":0,"uagb_excerpt":"VAMOS ALL\u00c1 \u00a1 RESERVA YA TU CITA GRATUITA ! 30 minutos para conocernos y crear tu asesoramiento personalizado","_links":{"self":[{"href":"https:\/\/hyptia.com\/index.php\/wp-json\/wp\/v2\/pages\/3083"}],"collection":[{"href":"https:\/\/hyptia.com\/index.php\/wp-json\/wp\/v2\/pages"}],"about":[{"href":"https:\/\/hyptia.com\/index.php\/wp-json\/wp\/v2\/types\/page"}],"author":[{"embeddable":true,"href":"https:\/\/hyptia.com\/index.php\/wp-json\/wp\/v2\/users\/1"}],"replies":[{"embeddable":true,"href":"https:\/\/hyptia.com\/index.php\/wp-json\/wp\/v2\/comments?post=3083"}],"version-history":[{"count":11,"href":"https:\/\/hyptia.com\/index.php\/wp-json\/wp\/v2\/pages\/3083\/revisions"}],"predecessor-version":[{"id":3635,"href":"https:\/\/hyptia.com\/index.php\/wp-json\/wp\/v2\/pages\/3083\/revisions\/3635"}],"wp:attachment":[{"href":"https:\/\/hyptia.com\/index.php\/wp-json\/wp\/v2\/media?parent=3083"}],"curies":[{"name":"wp","href":"https:\/\/api.w.org\/{rel}","templated":true}]}}