{"id":2450,"date":"2020-12-05T13:01:43","date_gmt":"2020-12-05T13:01:43","guid":{"rendered":"http:\/\/hyptia.com\/?page_id=2450"},"modified":"2020-12-13T17:12:41","modified_gmt":"2020-12-13T17:12:41","slug":"el-proyecto","status":"publish","type":"page","link":"https:\/\/hyptia.com\/index.php\/el-proyecto\/","title":{"rendered":"EL PROYECTO"},"content":{"rendered":"<div id=\"pl-gb2450-69fc821de3784\"  class=\"panel-layout\" ><div id=\"pg-gb2450-69fc821de3784-0\"  class=\"panel-grid panel-has-style\" ><div class=\"siteorigin-panels-stretch panel-row-style panel-row-style-for-gb2450-69fc821de3784-0\" data-stretch-type=\"full-stretched\" ><div id=\"pgc-gb2450-69fc821de3784-0-0\"  class=\"panel-grid-cell\" ><div id=\"panel-gb2450-69fc821de3784-0-0-0\" class=\"so-panel widget widget_sow-image panel-first-child panel-last-child\" data-index=\"0\" ><div class=\"so-widget-sow-image so-widget-sow-image-default-17bc2272b535\">\n\n<div class=\"sow-image-container\">\n<a href=\"https:\/\/hyptia.com\/index.php\/pagina-inicial\/\" >\t<img decoding=\"async\" loading=\"lazy\" src=\"https:\/\/hyptia.com\/wp-content\/uploads\/2020\/11\/Logo-positiu.png\" width=\"150\" height=\"55\" srcset=\"https:\/\/hyptia.com\/wp-content\/uploads\/2020\/11\/Logo-positiu.png 1314w, https:\/\/hyptia.com\/wp-content\/uploads\/2020\/11\/Logo-positiu-300x109.png 300w, https:\/\/hyptia.com\/wp-content\/uploads\/2020\/11\/Logo-positiu-1024x373.png 1024w, https:\/\/hyptia.com\/wp-content\/uploads\/2020\/11\/Logo-positiu-768x280.png 768w, https:\/\/hyptia.com\/wp-content\/uploads\/2020\/11\/Logo-positiu-600x219.png 600w\" sizes=\"(max-width: 150px) 100vw, 150px\" title=\"Logo positiu\" alt=\"\" \t\tclass=\"so-widget-image\"\/>\n<\/a><\/div>\n\n<\/div><\/div><\/div><\/div><\/div><div id=\"pg-gb2450-69fc821de3784-1\"  class=\"panel-grid panel-no-style\" ><div id=\"pgc-gb2450-69fc821de3784-1-0\"  class=\"panel-grid-cell\" ><div id=\"panel-gb2450-69fc821de3784-1-0-0\" class=\"so-panel widget widget_sow-image panel-first-child panel-last-child\" data-index=\"1\" ><div class=\"panel-widget-style panel-widget-style-for-gb2450-69fc821de3784-1-0-0\" ><div class=\"so-widget-sow-image so-widget-sow-image-default-17bc2272b535\">\n\n<div class=\"sow-image-container\">\n\t<img decoding=\"async\" loading=\"lazy\" src=\"https:\/\/hyptia.com\/wp-content\/uploads\/2020\/11\/Isotip-positiu.png\" width=\"351\" height=\"479\" srcset=\"https:\/\/hyptia.com\/wp-content\/uploads\/2020\/11\/Isotip-positiu.png 351w, https:\/\/hyptia.com\/wp-content\/uploads\/2020\/11\/Isotip-positiu-220x300.png 220w\" sizes=\"(max-width: 351px) 100vw, 351px\" title=\"Isotip positiu\" alt=\"\" \t\tclass=\"so-widget-image\"\/>\n<\/div>\n\n<\/div><\/div><\/div><\/div><div id=\"pgc-gb2450-69fc821de3784-1-1\"  class=\"panel-grid-cell\" ><div id=\"panel-gb2450-69fc821de3784-1-1-0\" class=\"so-panel widget widget_sow-headline panel-first-child panel-last-child\" data-index=\"2\" ><div class=\"panel-widget-style panel-widget-style-for-gb2450-69fc821de3784-1-1-0\" ><div class=\"so-widget-sow-headline so-widget-sow-headline-default-362cc43d3a93\"><div class=\"sow-headline-container \">\n\t<p class='sow-sub-headline'>Hyptia es una multiplataforma art\u00edstica sobre divulgaci\u00f3n de moda. Apostamos por la sostenibilidad, por la inclusividad, la concienciaci\u00f3n y criterio de las personas, por la ruptura de estigmas y estereotipos y por la liberaci\u00f3n individual, con el arte audiovisual como principal herramienta de expresi\u00f3n, inspirando la comunidad Quirky a trav\u00e9s de contenido \u00fanico y original, que se compartir\u00e1 en diversas redes sociales.<\/p><\/div><\/div><\/div><\/div><\/div><\/div><div id=\"pg-gb2450-69fc821de3784-2\"  class=\"panel-grid panel-has-style\" ><div class=\"siteorigin-panels-stretch panel-row-style panel-row-style-for-gb2450-69fc821de3784-2\" data-stretch-type=\"full-stretched\" ><div id=\"pgc-gb2450-69fc821de3784-2-0\"  class=\"panel-grid-cell panel-grid-cell-empty\" ><\/div><\/div><\/div><div id=\"pg-gb2450-69fc821de3784-3\"  class=\"panel-grid panel-has-style\" ><div class=\"panel-row-style panel-row-style-for-gb2450-69fc821de3784-3\" ><div id=\"pgc-gb2450-69fc821de3784-3-0\"  class=\"panel-grid-cell\" ><div id=\"panel-gb2450-69fc821de3784-3-0-0\" class=\"so-panel widget widget_sow-headline panel-first-child panel-last-child\" data-index=\"3\" ><div class=\"panel-widget-style panel-widget-style-for-gb2450-69fc821de3784-3-0-0\" ><div class=\"so-widget-sow-headline so-widget-sow-headline-default-aeec589fb00d so-widget-fittext-wrapper\" data-fit-text-compressor=\"0.85\"><div class=\"sow-headline-container \">\n\t<h1 class='sow-headline'>\u00a1Ser Quirky!<\/h1><p class='sow-sub-headline'>Igual que en los 50 con los Teddy Boys o los 80 con los punks, alrededor de Hyptia se desarrolla una nueva subcultura. Una comunidad que rompe con lo preestablecido y sigue unas nuevas formas de hacer y entender la moda. Entienden la moda como un arte de autoexpresi\u00f3n, individual, libre y \u00fanico, que les ayuda a ser uno mismo, sin seguir roles de g\u00e9nero ni ning\u00fan tipo de estereotipo social que se les haya impuesto.  Preocupados por el mundo que les rodea y con ganas de romper con las costumbres m\u00e1s tradicionales y consumistas, limitan su consumo en todos los aspectos, con una perspectiva m\u00e1s \u00e9tica y sostenible.<\/p><\/div><\/div><\/div><\/div><\/div><\/div><\/div><div id=\"pg-gb2450-69fc821de3784-4\"  class=\"panel-grid panel-has-style\" ><div class=\"panel-row-style panel-row-style-for-gb2450-69fc821de3784-4\" ><div id=\"pgc-gb2450-69fc821de3784-4-0\"  class=\"panel-grid-cell\" ><div id=\"panel-gb2450-69fc821de3784-4-0-0\" class=\"so-panel widget widget_sow-headline panel-first-child panel-last-child\" data-index=\"4\" ><div class=\"panel-widget-style panel-widget-style-for-gb2450-69fc821de3784-4-0-0\" ><div class=\"so-widget-sow-headline so-widget-sow-headline-default-0aa8977fec04 so-widget-fittext-wrapper\" data-fit-text-compressor=\"0.85\"><div class=\"sow-headline-container \">\n\t<h1 class='sow-headline'>CREADO POR:<\/h1>\t\t\t\t\t<div class=\"decoration\">\n\t\t\t\t\t\t<div class=\"decoration-inside\"><\/div>\n\t\t\t\t\t<\/div>\n\t\t\t\t\t<\/div><\/div><\/div><\/div><\/div><\/div><\/div><div id=\"pg-gb2450-69fc821de3784-5\"  class=\"panel-grid panel-has-style\" ><div class=\"panel-row-style panel-row-style-for-gb2450-69fc821de3784-5\" ><div id=\"pgc-gb2450-69fc821de3784-5-0\"  class=\"panel-grid-cell\" ><div id=\"panel-gb2450-69fc821de3784-5-0-0\" class=\"so-panel widget widget_sow-image panel-first-child panel-last-child\" data-index=\"5\" ><div class=\"panel-widget-style panel-widget-style-for-gb2450-69fc821de3784-5-0-0\" ><div class=\"so-widget-sow-image so-widget-sow-image-default-17bc2272b535\">\n\n<div class=\"sow-image-container\">\n\t<img decoding=\"async\" loading=\"lazy\" src=\"https:\/\/hyptia.com\/wp-content\/uploads\/2020\/12\/DSC_0427-300x300.jpg\" width=\"300\" height=\"300\" srcset=\"https:\/\/hyptia.com\/wp-content\/uploads\/2020\/12\/DSC_0427-300x300.jpg 300w, https:\/\/hyptia.com\/wp-content\/uploads\/2020\/12\/DSC_0427-scaled-100x100.jpg 100w, https:\/\/hyptia.com\/wp-content\/uploads\/2020\/12\/DSC_0427-scaled-600x601.jpg 600w, https:\/\/hyptia.com\/wp-content\/uploads\/2020\/12\/DSC_0427-1022x1024.jpg 1022w, https:\/\/hyptia.com\/wp-content\/uploads\/2020\/12\/DSC_0427-150x150.jpg 150w, https:\/\/hyptia.com\/wp-content\/uploads\/2020\/12\/DSC_0427-768x769.jpg 768w, https:\/\/hyptia.com\/wp-content\/uploads\/2020\/12\/DSC_0427-1533x1536.jpg 1533w, https:\/\/hyptia.com\/wp-content\/uploads\/2020\/12\/DSC_0427-2044x2048.jpg 2044w\" sizes=\"(max-width: 300px) 100vw, 300px\" title=\"Creado por:\" alt=\"\" \t\tclass=\"so-widget-image\"\/>\n<\/div>\n\n<\/div><\/div><\/div><\/div><div id=\"pgc-gb2450-69fc821de3784-5-1\"  class=\"panel-grid-cell\" ><div id=\"panel-gb2450-69fc821de3784-5-1-0\" class=\"so-panel widget widget_sow-hero panel-first-child panel-last-child\" data-index=\"6\" ><div class=\"panel-widget-style panel-widget-style-for-gb2450-69fc821de3784-5-1-0\" ><div class=\"so-widget-sow-hero so-widget-sow-hero-default-f90091abea97 so-widget-fittext-wrapper\" data-fit-text-compressor=\"0.85\"><div class=\"sow-slider-base \" style=\"display: none\"><ul class=\"sow-slider-images\" data-settings=\"{&quot;pagination&quot;:true,&quot;speed&quot;:800,&quot;timeout&quot;:8000,&quot;paused&quot;:false,&quot;pause_on_hover&quot;:false,&quot;swipe&quot;:true,&quot;nav_always_show_mobile&quot;:&quot;&quot;,&quot;breakpoint&quot;:&quot;780px&quot;}\">\t\t<li class=\"sow-slider-image\" style=\"\" >\n\t\t\t\t\t<div class=\"sow-slider-image-container\">\n\t\t\t<div class=\"sow-slider-image-wrapper\">\n\t\t\t\t<h1 style=\"text-align: left;font-family: Archivo Black\">Alba Suriol<\/h1>\n<p style=\"text-align: left;font-family: Archivo Black\"> Estilista especialitzada en direcci\u00f3n creativa &amp; asesor\u00eda de imagen.<\/p>\n<p style=\"text-align: left;font-family: Bitter;font-size: 16px;color: #ffffff\"> \u201cConstruyo esta multiplataforma, con el objetivo de saciar las necesidades sociales actuales, desde una perspectiva concienciadora y queriendo aportar algo m\u00e1s que simple contenido para entretener al p\u00fablico. Asimismo creando una comunidad de personas que encuentran un espacio art\u00edstico libre, donde consumir contenido acorde con sus valores, necesidades y que a la vez se les valore.\u201d <\/p>\n\n<p style=\"text-align: left;font-family: Archivo Black;font-size: 14px;color: #ffffff\"><a href=\"https:\/\/www.instagram.com\/betasues\/\" target=\"_blank\">@betasues<\/a><\/p>\n\t\t\t<\/div>\n\t\t<\/div>\n\t\t\t\t<\/li>\n\t\t<\/ul>\t\t\t\t<ol class=\"sow-slider-pagination\">\n\t\t\t\t\t\t\t\t\t\t\t<li><a href=\"#\" data-goto=\"0\" aria-label=\"mostrar diapositiva 1\"><\/a><\/li>\n\t\t\t\t\t\t\t\t\t<\/ol>\n\n\t\t\t\t<div class=\"sow-slide-nav sow-slide-nav-next\">\n\t\t\t\t\t<a href=\"#\" data-goto=\"next\" aria-label=\"diapositiva siguiente\" data-action=\"next\">\n\t\t\t\t\t\t<em class=\"sow-sld-icon-thin-right\"><\/em>\n\t\t\t\t\t<\/a>\n\t\t\t\t<\/div>\n\n\t\t\t\t<div class=\"sow-slide-nav sow-slide-nav-prev\">\n\t\t\t\t\t<a href=\"#\" data-goto=\"previous\" aria-label=\"diapositiva anterior\" data-action=\"prev\">\n\t\t\t\t\t\t<em class=\"sow-sld-icon-thin-left\"><\/em>\n\t\t\t\t\t<\/a>\n\t\t\t\t<\/div>\n\t\t\t\t<\/div><\/div><\/div><\/div><\/div><\/div><\/div><div id=\"pg-gb2450-69fc821de3784-6\"  class=\"panel-grid panel-has-style\" ><div class=\"siteorigin-panels-stretch panel-row-style panel-row-style-for-gb2450-69fc821de3784-6\" data-stretch-type=\"full\" ><div id=\"pgc-gb2450-69fc821de3784-6-0\"  class=\"panel-grid-cell\" ><div id=\"panel-gb2450-69fc821de3784-6-0-0\" class=\"so-panel widget widget_sow-button panel-first-child panel-last-child\" data-index=\"7\" ><div class=\"so-widget-sow-button so-widget-sow-button-flat-4b7a732c6253\"><div class=\"ow-button-base ow-button-align-center\">\n\t<a href=\"https:\/\/hyptia.com\/index.php\/contacto\/\" class=\"ow-icon-placement-left ow-button-hover\" \t\t>\n\t\t<span>\n\t\t\t\n\t\t\tCONTACTO\t\t<\/span>\n\t<\/a>\n<\/div>\n<\/div><\/div><\/div><\/div><\/div><div id=\"pg-gb2450-69fc821de3784-7\"  class=\"panel-grid panel-has-style\" ><div class=\"panel-row-style panel-row-style-for-gb2450-69fc821de3784-7\" ><div id=\"pgc-gb2450-69fc821de3784-7-0\"  class=\"panel-grid-cell\" ><div id=\"panel-gb2450-69fc821de3784-7-0-0\" class=\"so-panel widget widget_sow-headline panel-first-child panel-last-child\" data-index=\"8\" ><div class=\"panel-widget-style panel-widget-style-for-gb2450-69fc821de3784-7-0-0\" ><div class=\"so-widget-sow-headline so-widget-sow-headline-default-9e9d5b11220e so-widget-fittext-wrapper\" data-fit-text-compressor=\"0.85\"><div class=\"sow-headline-container \">\n\t<h1 class='sow-headline'>OUR TEAM<\/h1>\t\t\t\t\t<div class=\"decoration\">\n\t\t\t\t\t\t<div class=\"decoration-inside\"><\/div>\n\t\t\t\t\t<\/div>\n\t\t\t\t\t<\/div><\/div><\/div><\/div><\/div><\/div><\/div><div id=\"pg-gb2450-69fc821de3784-8\"  class=\"panel-grid panel-has-style\" ><div class=\"panel-row-style panel-row-style-for-gb2450-69fc821de3784-8\" ><div id=\"pgc-gb2450-69fc821de3784-8-0\"  class=\"panel-grid-cell\" ><div id=\"panel-gb2450-69fc821de3784-8-0-0\" class=\"so-panel widget widget_sow-image panel-first-child panel-last-child\" data-index=\"9\" ><div class=\"panel-widget-style panel-widget-style-for-gb2450-69fc821de3784-8-0-0\" ><div class=\"so-widget-sow-image so-widget-sow-image-default-17bc2272b535\">\n\n<div class=\"sow-image-container\">\n\t<img decoding=\"async\" loading=\"lazy\" src=\"https:\/\/hyptia.com\/wp-content\/uploads\/2020\/12\/DSC_0299-300x300.png\" width=\"300\" height=\"300\" srcset=\"https:\/\/hyptia.com\/wp-content\/uploads\/2020\/12\/DSC_0299-300x300.png 300w, https:\/\/hyptia.com\/wp-content\/uploads\/2020\/12\/DSC_0299-100x100.png 100w, https:\/\/hyptia.com\/wp-content\/uploads\/2020\/12\/DSC_0299-600x600.png 600w, https:\/\/hyptia.com\/wp-content\/uploads\/2020\/12\/DSC_0299-150x150.png 150w, https:\/\/hyptia.com\/wp-content\/uploads\/2020\/12\/DSC_0299-768x768.png 768w, https:\/\/hyptia.com\/wp-content\/uploads\/2020\/12\/DSC_0299.png 960w\" sizes=\"(max-width: 300px) 100vw, 300px\" title=\"Creado por:\" alt=\"\" \t\tclass=\"so-widget-image\"\/>\n<\/div>\n\n<\/div><\/div><\/div><\/div><div id=\"pgc-gb2450-69fc821de3784-8-1\"  class=\"panel-grid-cell\" ><div id=\"panel-gb2450-69fc821de3784-8-1-0\" class=\"so-panel widget widget_sow-hero panel-first-child panel-last-child\" data-index=\"10\" ><div class=\"panel-widget-style panel-widget-style-for-gb2450-69fc821de3784-8-1-0\" ><div class=\"so-widget-sow-hero so-widget-sow-hero-default-f90091abea97 so-widget-fittext-wrapper\" data-fit-text-compressor=\"0.85\"><div class=\"sow-slider-base \" style=\"display: none\"><ul class=\"sow-slider-images\" data-settings=\"{&quot;pagination&quot;:true,&quot;speed&quot;:800,&quot;timeout&quot;:8000,&quot;paused&quot;:false,&quot;pause_on_hover&quot;:false,&quot;swipe&quot;:true,&quot;nav_always_show_mobile&quot;:&quot;&quot;,&quot;breakpoint&quot;:&quot;780px&quot;}\">\t\t<li class=\"sow-slider-image\" style=\"\" >\n\t\t\t\t\t<div class=\"sow-slider-image-container\">\n\t\t\t<div class=\"sow-slider-image-wrapper\">\n\t\t\t\t<h1 style=\"text-align: left;font-family: Archivo Black\">Camila Figueiredo<\/h1>\n<p style=\"text-align: left;font-family: Archivo Black\">Dise\u00f1adora gr\u00e0fica<\/p>\n<p style=\"text-align: left;font-family: Bitter;font-size: 16px;color: #ffffff\">\u201cCon toda seguridad digo que comparto los valores, ideales y oportunidades de este proyecto, el cual me ha inspirado y desafiado desde el minuto 0. Participar, sin duda alguna, me ha dado la oportunidad de crecer y aprender dentro de este campo del dise\u00f1o que tanto me encanta.\u201d<\/p>\n\n<p style=\"font-family: Archivo Black;font-size: 14px;color: #ffffff\"><a href=\"https:\/\/www.behance.net\/camiladanilas\" target=\"_blank\">Behance<\/a>  Ig: <a href=\"https:\/\/www.instagram.com\/camilafdanilas\/\" target=\"_blank\">@camilafdanilas<\/a><\/p>\n\t\t\t<\/div>\n\t\t<\/div>\n\t\t\t\t<\/li>\n\t\t<\/ul>\t\t\t\t<ol class=\"sow-slider-pagination\">\n\t\t\t\t\t\t\t\t\t\t\t<li><a href=\"#\" data-goto=\"0\" aria-label=\"mostrar diapositiva 1\"><\/a><\/li>\n\t\t\t\t\t\t\t\t\t<\/ol>\n\n\t\t\t\t<div class=\"sow-slide-nav sow-slide-nav-next\">\n\t\t\t\t\t<a href=\"#\" data-goto=\"next\" aria-label=\"diapositiva siguiente\" data-action=\"next\">\n\t\t\t\t\t\t<em class=\"sow-sld-icon-thin-right\"><\/em>\n\t\t\t\t\t<\/a>\n\t\t\t\t<\/div>\n\n\t\t\t\t<div class=\"sow-slide-nav sow-slide-nav-prev\">\n\t\t\t\t\t<a href=\"#\" data-goto=\"previous\" aria-label=\"diapositiva anterior\" data-action=\"prev\">\n\t\t\t\t\t\t<em class=\"sow-sld-icon-thin-left\"><\/em>\n\t\t\t\t\t<\/a>\n\t\t\t\t<\/div>\n\t\t\t\t<\/div><\/div><\/div><\/div><\/div><\/div><\/div><\/div>\n\n\n<p><\/p>\n","protected":false},"excerpt":{"rendered":"","protected":false},"author":1,"featured_media":0,"parent":0,"menu_order":0,"comment_status":"closed","ping_status":"closed","template":"","meta":{"neve_meta_sidebar":"full-width","neve_meta_container":"","neve_meta_enable_content_width":"on","neve_meta_content_width":100,"neve_meta_title_alignment":"","neve_meta_author_avatar":"","neve_post_elements_order":"","neve_meta_disable_header":"","neve_meta_disable_footer":"","neve_meta_disable_title":"on","_themeisle_gutenberg_block_has_review":false,"_ti_tpc_template_sync":false,"_ti_tpc_template_id":"","spay_email":""},"yoast_head":"<!-- This site is optimized with the Yoast SEO plugin v18.9 - https:\/\/yoast.com\/wordpress\/plugins\/seo\/ -->\n<title>EL PROYECTO - HYPTIA - ASESOR\u00cdAS &amp; ESTILISMO<\/title>\n<meta name=\"robots\" content=\"index, follow, max-snippet:-1, max-image-preview:large, max-video-preview:-1\" \/>\n<link rel=\"canonical\" href=\"https:\/\/hyptia.com\/index.php\/el-proyecto\/\" \/>\n<meta property=\"og:locale\" content=\"es_ES\" \/>\n<meta property=\"og:type\" content=\"article\" \/>\n<meta property=\"og:title\" content=\"EL PROYECTO - HYPTIA - ASESOR\u00cdAS &amp; ESTILISMO\" \/>\n<meta property=\"og:url\" content=\"https:\/\/hyptia.com\/index.php\/el-proyecto\/\" \/>\n<meta property=\"og:site_name\" content=\"HYPTIA - ASESOR\u00cdAS &amp; ESTILISMO\" \/>\n<meta property=\"article:modified_time\" content=\"2020-12-13T17:12:41+00:00\" \/>\n<meta property=\"og:image\" content=\"http:\/\/hyptia.com\/wp-content\/uploads\/2020\/11\/Logo-positiu.png\" \/>\n<meta name=\"twitter:card\" content=\"summary_large_image\" \/>\n<meta name=\"twitter:label1\" content=\"Tiempo de lectura\" \/>\n\t<meta name=\"twitter:data1\" content=\"2 minutos\" \/>\n<script type=\"application\/ld+json\" class=\"yoast-schema-graph\">{\"@context\":\"https:\/\/schema.org\",\"@graph\":[{\"@type\":\"WebSite\",\"@id\":\"https:\/\/hyptia.com\/#website\",\"url\":\"https:\/\/hyptia.com\/\",\"name\":\"HYPTIA - ASESOR\u00cdAS &amp; ESTILISMO\",\"description\":\"El universo creativo que une moda y experimentaci\u00f3n, donde encontrar aquello que te inspira y descubrirte a ti a trav\u00e9s del arte del estilismo, el asesoramiento de moda y la direcci\u00f3n creativa :)\",\"potentialAction\":[{\"@type\":\"SearchAction\",\"target\":{\"@type\":\"EntryPoint\",\"urlTemplate\":\"https:\/\/hyptia.com\/?s={search_term_string}\"},\"query-input\":\"required name=search_term_string\"}],\"inLanguage\":\"es\"},{\"@type\":\"ImageObject\",\"inLanguage\":\"es\",\"@id\":\"https:\/\/hyptia.com\/index.php\/el-proyecto\/#primaryimage\",\"url\":\"https:\/\/hyptia.com\/wp-content\/uploads\/2020\/11\/Logo-positiu.png\",\"contentUrl\":\"https:\/\/hyptia.com\/wp-content\/uploads\/2020\/11\/Logo-positiu.png\",\"width\":1314,\"height\":479},{\"@type\":\"WebPage\",\"@id\":\"https:\/\/hyptia.com\/index.php\/el-proyecto\/#webpage\",\"url\":\"https:\/\/hyptia.com\/index.php\/el-proyecto\/\",\"name\":\"EL PROYECTO - HYPTIA - ASESOR\u00cdAS &amp; ESTILISMO\",\"isPartOf\":{\"@id\":\"https:\/\/hyptia.com\/#website\"},\"primaryImageOfPage\":{\"@id\":\"https:\/\/hyptia.com\/index.php\/el-proyecto\/#primaryimage\"},\"datePublished\":\"2020-12-05T13:01:43+00:00\",\"dateModified\":\"2020-12-13T17:12:41+00:00\",\"breadcrumb\":{\"@id\":\"https:\/\/hyptia.com\/index.php\/el-proyecto\/#breadcrumb\"},\"inLanguage\":\"es\",\"potentialAction\":[{\"@type\":\"ReadAction\",\"target\":[\"https:\/\/hyptia.com\/index.php\/el-proyecto\/\"]}]},{\"@type\":\"BreadcrumbList\",\"@id\":\"https:\/\/hyptia.com\/index.php\/el-proyecto\/#breadcrumb\",\"itemListElement\":[{\"@type\":\"ListItem\",\"position\":1,\"name\":\"Portada\",\"item\":\"https:\/\/hyptia.com\/\"},{\"@type\":\"ListItem\",\"position\":2,\"name\":\"EL PROYECTO\"}]}]}<\/script>\n<!-- \/ Yoast SEO plugin. -->","yoast_head_json":{"title":"EL PROYECTO - HYPTIA - ASESOR\u00cdAS &amp; ESTILISMO","robots":{"index":"index","follow":"follow","max-snippet":"max-snippet:-1","max-image-preview":"max-image-preview:large","max-video-preview":"max-video-preview:-1"},"canonical":"https:\/\/hyptia.com\/index.php\/el-proyecto\/","og_locale":"es_ES","og_type":"article","og_title":"EL PROYECTO - HYPTIA - ASESOR\u00cdAS &amp; ESTILISMO","og_url":"https:\/\/hyptia.com\/index.php\/el-proyecto\/","og_site_name":"HYPTIA - ASESOR\u00cdAS &amp; ESTILISMO","article_modified_time":"2020-12-13T17:12:41+00:00","og_image":[{"url":"http:\/\/hyptia.com\/wp-content\/uploads\/2020\/11\/Logo-positiu.png"}],"twitter_card":"summary_large_image","twitter_misc":{"Tiempo de lectura":"2 minutos"},"schema":{"@context":"https:\/\/schema.org","@graph":[{"@type":"WebSite","@id":"https:\/\/hyptia.com\/#website","url":"https:\/\/hyptia.com\/","name":"HYPTIA - ASESOR\u00cdAS &amp; ESTILISMO","description":"El universo creativo que une moda y experimentaci\u00f3n, donde encontrar aquello que te inspira y descubrirte a ti a trav\u00e9s del arte del estilismo, el asesoramiento de moda y la direcci\u00f3n creativa :)","potentialAction":[{"@type":"SearchAction","target":{"@type":"EntryPoint","urlTemplate":"https:\/\/hyptia.com\/?s={search_term_string}"},"query-input":"required name=search_term_string"}],"inLanguage":"es"},{"@type":"ImageObject","inLanguage":"es","@id":"https:\/\/hyptia.com\/index.php\/el-proyecto\/#primaryimage","url":"https:\/\/hyptia.com\/wp-content\/uploads\/2020\/11\/Logo-positiu.png","contentUrl":"https:\/\/hyptia.com\/wp-content\/uploads\/2020\/11\/Logo-positiu.png","width":1314,"height":479},{"@type":"WebPage","@id":"https:\/\/hyptia.com\/index.php\/el-proyecto\/#webpage","url":"https:\/\/hyptia.com\/index.php\/el-proyecto\/","name":"EL PROYECTO - HYPTIA - ASESOR\u00cdAS &amp; ESTILISMO","isPartOf":{"@id":"https:\/\/hyptia.com\/#website"},"primaryImageOfPage":{"@id":"https:\/\/hyptia.com\/index.php\/el-proyecto\/#primaryimage"},"datePublished":"2020-12-05T13:01:43+00:00","dateModified":"2020-12-13T17:12:41+00:00","breadcrumb":{"@id":"https:\/\/hyptia.com\/index.php\/el-proyecto\/#breadcrumb"},"inLanguage":"es","potentialAction":[{"@type":"ReadAction","target":["https:\/\/hyptia.com\/index.php\/el-proyecto\/"]}]},{"@type":"BreadcrumbList","@id":"https:\/\/hyptia.com\/index.php\/el-proyecto\/#breadcrumb","itemListElement":[{"@type":"ListItem","position":1,"name":"Portada","item":"https:\/\/hyptia.com\/"},{"@type":"ListItem","position":2,"name":"EL PROYECTO"}]}]}},"uagb_featured_image_src":{"full":false,"thumbnail":false,"medium":false,"medium_large":false,"large":false,"1536x1536":false,"2048x2048":false,"neve-blog":false,"sow-carousel-default":false},"uagb_author_info":{"display_name":"contactbetas@gmail.com","author_link":"https:\/\/hyptia.com\/index.php\/author\/contactbetasgmail-com\/"},"uagb_comment_info":0,"uagb_excerpt":null,"_links":{"self":[{"href":"https:\/\/hyptia.com\/index.php\/wp-json\/wp\/v2\/pages\/2450"}],"collection":[{"href":"https:\/\/hyptia.com\/index.php\/wp-json\/wp\/v2\/pages"}],"about":[{"href":"https:\/\/hyptia.com\/index.php\/wp-json\/wp\/v2\/types\/page"}],"author":[{"embeddable":true,"href":"https:\/\/hyptia.com\/index.php\/wp-json\/wp\/v2\/users\/1"}],"replies":[{"embeddable":true,"href":"https:\/\/hyptia.com\/index.php\/wp-json\/wp\/v2\/comments?post=2450"}],"version-history":[{"count":37,"href":"https:\/\/hyptia.com\/index.php\/wp-json\/wp\/v2\/pages\/2450\/revisions"}],"predecessor-version":[{"id":2794,"href":"https:\/\/hyptia.com\/index.php\/wp-json\/wp\/v2\/pages\/2450\/revisions\/2794"}],"wp:attachment":[{"href":"https:\/\/hyptia.com\/index.php\/wp-json\/wp\/v2\/media?parent=2450"}],"curies":[{"name":"wp","href":"https:\/\/api.w.org\/{rel}","templated":true}]}}