{"id":2427,"date":"2020-12-04T19:18:36","date_gmt":"2020-12-04T19:18:36","guid":{"rendered":"http:\/\/hyptia.com\/?page_id=2427"},"modified":"2020-12-10T16:06:27","modified_gmt":"2020-12-10T16:06:27","slug":"plataformas","status":"publish","type":"page","link":"https:\/\/hyptia.com\/index.php\/plataformas\/","title":{"rendered":"PLATAFORMAS"},"content":{"rendered":"<div id=\"pl-gb2427-69fc821de3609\"  class=\"panel-layout\" ><div id=\"pg-gb2427-69fc821de3609-0\"  class=\"panel-grid panel-no-style\" ><div id=\"pgc-gb2427-69fc821de3609-0-0\"  class=\"panel-grid-cell\" ><div id=\"panel-gb2427-69fc821de3609-0-0-0\" class=\"so-panel widget widget_sow-image panel-first-child panel-last-child\" data-index=\"0\" ><div class=\"panel-widget-style panel-widget-style-for-gb2427-69fc821de3609-0-0-0\" ><div class=\"so-widget-sow-image so-widget-sow-image-default-17bc2272b535\">\n\n<div class=\"sow-image-container\">\n<a href=\"https:\/\/hyptia.com\/index.php\/pagina-inicial\/\" >\t<img decoding=\"async\" loading=\"lazy\" src=\"https:\/\/hyptia.com\/wp-content\/uploads\/2020\/11\/Logo-positiu.png\" width=\"150\" height=\"55\" srcset=\"https:\/\/hyptia.com\/wp-content\/uploads\/2020\/11\/Logo-positiu.png 1314w, https:\/\/hyptia.com\/wp-content\/uploads\/2020\/11\/Logo-positiu-300x109.png 300w, https:\/\/hyptia.com\/wp-content\/uploads\/2020\/11\/Logo-positiu-1024x373.png 1024w, https:\/\/hyptia.com\/wp-content\/uploads\/2020\/11\/Logo-positiu-768x280.png 768w, https:\/\/hyptia.com\/wp-content\/uploads\/2020\/11\/Logo-positiu-600x219.png 600w\" sizes=\"(max-width: 150px) 100vw, 150px\" title=\"Logo positiu\" alt=\"\" \t\tclass=\"so-widget-image\"\/>\n<\/a><\/div>\n\n<\/div><\/div><\/div><\/div><\/div><div id=\"pg-gb2427-69fc821de3609-1\"  class=\"panel-grid panel-has-style\" ><div class=\"panel-row-style panel-row-style-for-gb2427-69fc821de3609-1\" ><div id=\"pgc-gb2427-69fc821de3609-1-0\"  class=\"panel-grid-cell\" ><div id=\"panel-gb2427-69fc821de3609-1-0-0\" class=\"so-panel widget widget_sow-image panel-first-child\" data-index=\"1\" ><div data-siteorigin-parallax=\"{&quot;backgroundUrl&quot;:&quot;https:\\\/\\\/hyptia.com\\\/wp-content\\\/uploads\\\/2020\\\/12\\\/INSTAGRAM-2_Prancheta-1.png&quot;,&quot;backgroundSize&quot;:[2049,1367],&quot;backgroundSizing&quot;:&quot;scaled&quot;,&quot;limitMotion&quot;:&quot;auto&quot;}\" class=\"panel-widget-style panel-widget-style-for-gb2427-69fc821de3609-1-0-0\" ><div class=\"so-widget-sow-image so-widget-sow-image-default-17bc2272b535\">\n\n<div class=\"sow-image-container\">\n<a href=\"https:\/\/www.youtube.com\/channel\/UCrkwoHHauMQA0Mu2YlAtk6g\" target=\"_blank\" rel=\"noopener noreferrer\" >\t<img decoding=\"async\" loading=\"lazy\" src=\"https:\/\/hyptia.com\/wp-content\/uploads\/2020\/12\/INSTAGRAM.png\" width=\"1200\" height=\"683\" srcset=\"https:\/\/hyptia.com\/wp-content\/uploads\/2020\/12\/INSTAGRAM.png 1200w, https:\/\/hyptia.com\/wp-content\/uploads\/2020\/12\/INSTAGRAM-600x342.png 600w, https:\/\/hyptia.com\/wp-content\/uploads\/2020\/12\/INSTAGRAM-300x171.png 300w, https:\/\/hyptia.com\/wp-content\/uploads\/2020\/12\/INSTAGRAM-1024x583.png 1024w, https:\/\/hyptia.com\/wp-content\/uploads\/2020\/12\/INSTAGRAM-768x437.png 768w\" sizes=\"(max-width: 1200px) 100vw, 1200px\" alt=\"\" \t\tclass=\"so-widget-image\"\/>\n<\/a><\/div>\n\n<\/div><\/div><\/div><div id=\"panel-gb2427-69fc821de3609-1-0-1\" class=\"so-panel widget widget_sow-button\" data-index=\"2\" ><div class=\"panel-widget-style panel-widget-style-for-gb2427-69fc821de3609-1-0-1\" ><div class=\"so-widget-sow-button so-widget-sow-button-flat-25bddbe22212\"><div class=\"ow-button-base ow-button-align-center\">\n\t<a href=\"https:\/\/www.instagram.com\/hyptiaoficial\/\" class=\"ow-icon-placement-left ow-button-hover\" target=\"_blank\" rel=\"noopener noreferrer\" \t\t>\n\t\t<span>\n\t\t\t<span class=\"sow-icon-fontawesome sow-far\" data-sow-icon=\"&#xf35a;\"\n\t\tstyle=\"color: #ffffff\" ><\/span>\n\t\t\tinstagram\t\t<\/span>\n\t<\/a>\n<\/div>\n<\/div><\/div><\/div><div id=\"panel-gb2427-69fc821de3609-1-0-2\" class=\"so-panel widget widget_sow-image\" data-index=\"3\" ><div data-siteorigin-parallax=\"{&quot;backgroundUrl&quot;:&quot;https:\\\/\\\/hyptia.com\\\/wp-content\\\/uploads\\\/2020\\\/12\\\/YOUTUBE-2_Prancheta-1.png&quot;,&quot;backgroundSize&quot;:[2049,1367],&quot;backgroundSizing&quot;:&quot;scaled&quot;,&quot;limitMotion&quot;:&quot;auto&quot;}\" class=\"panel-widget-style panel-widget-style-for-gb2427-69fc821de3609-1-0-2\" ><div class=\"so-widget-sow-image so-widget-sow-image-default-17bc2272b535\">\n\n<div class=\"sow-image-container\">\n<a href=\"https:\/\/twitter.com\/hyptiaoficial\" target=\"_blank\" rel=\"noopener noreferrer\" >\t<img decoding=\"async\" loading=\"lazy\" src=\"https:\/\/hyptia.com\/wp-content\/uploads\/2020\/12\/entretenimiento.png\" width=\"1200\" height=\"683\" srcset=\"https:\/\/hyptia.com\/wp-content\/uploads\/2020\/12\/entretenimiento.png 1200w, https:\/\/hyptia.com\/wp-content\/uploads\/2020\/12\/entretenimiento-600x342.png 600w, https:\/\/hyptia.com\/wp-content\/uploads\/2020\/12\/entretenimiento-300x171.png 300w, https:\/\/hyptia.com\/wp-content\/uploads\/2020\/12\/entretenimiento-1024x583.png 1024w, https:\/\/hyptia.com\/wp-content\/uploads\/2020\/12\/entretenimiento-768x437.png 768w\" sizes=\"(max-width: 1200px) 100vw, 1200px\" alt=\"\" \t\tclass=\"so-widget-image\"\/>\n<\/a><\/div>\n\n<\/div><\/div><\/div><div id=\"panel-gb2427-69fc821de3609-1-0-3\" class=\"so-panel widget widget_sow-button\" data-index=\"4\" ><div class=\"panel-widget-style panel-widget-style-for-gb2427-69fc821de3609-1-0-3\" ><div class=\"so-widget-sow-button so-widget-sow-button-flat-25bddbe22212\"><div class=\"ow-button-base ow-button-align-center\">\n\t<a href=\"https:\/\/www.youtube.com\/channel\/UCrkwoHHauMQA0Mu2YlAtk6g\" class=\"ow-icon-placement-left ow-button-hover\" target=\"_blank\" rel=\"noopener noreferrer\" \t\t>\n\t\t<span>\n\t\t\t<span class=\"sow-icon-fontawesome sow-far\" data-sow-icon=\"&#xf35a;\"\n\t\tstyle=\"color: #ffffff\" ><\/span>\n\t\t\tyoutube\t\t<\/span>\n\t<\/a>\n<\/div>\n<\/div><\/div><\/div><div id=\"panel-gb2427-69fc821de3609-1-0-4\" class=\"so-panel widget widget_sow-image\" data-index=\"5\" ><div data-siteorigin-parallax=\"{&quot;backgroundUrl&quot;:&quot;https:\\\/\\\/hyptia.com\\\/wp-content\\\/uploads\\\/2020\\\/12\\\/TWITTER-2_Prancheta-1.png&quot;,&quot;backgroundSize&quot;:[2049,1367],&quot;backgroundSizing&quot;:&quot;scaled&quot;,&quot;limitMotion&quot;:&quot;auto&quot;}\" class=\"panel-widget-style panel-widget-style-for-gb2427-69fc821de3609-1-0-4\" ><div class=\"so-widget-sow-image so-widget-sow-image-default-17bc2272b535\">\n\n<div class=\"sow-image-container\">\n<a href=\"https:\/\/www.youtube.com\/channel\/UCrkwoHHauMQA0Mu2YlAtk6g\" target=\"_blank\" rel=\"noopener noreferrer\" >\t<img decoding=\"async\" loading=\"lazy\" src=\"https:\/\/hyptia.com\/wp-content\/uploads\/2020\/12\/TWITTER.png\" width=\"1200\" height=\"683\" srcset=\"https:\/\/hyptia.com\/wp-content\/uploads\/2020\/12\/TWITTER.png 1200w, https:\/\/hyptia.com\/wp-content\/uploads\/2020\/12\/TWITTER-600x342.png 600w, https:\/\/hyptia.com\/wp-content\/uploads\/2020\/12\/TWITTER-300x171.png 300w, https:\/\/hyptia.com\/wp-content\/uploads\/2020\/12\/TWITTER-1024x583.png 1024w, https:\/\/hyptia.com\/wp-content\/uploads\/2020\/12\/TWITTER-768x437.png 768w\" sizes=\"(max-width: 1200px) 100vw, 1200px\" alt=\"\" \t\tclass=\"so-widget-image\"\/>\n<\/a><\/div>\n\n<\/div><\/div><\/div><div id=\"panel-gb2427-69fc821de3609-1-0-5\" class=\"so-panel widget widget_sow-button\" data-index=\"6\" ><div class=\"panel-widget-style panel-widget-style-for-gb2427-69fc821de3609-1-0-5\" ><div class=\"so-widget-sow-button so-widget-sow-button-flat-25bddbe22212\"><div class=\"ow-button-base ow-button-align-center\">\n\t<a href=\"https:\/\/twitter.com\/hyptiaoficial\" class=\"ow-icon-placement-left ow-button-hover\" target=\"_blank\" rel=\"noopener noreferrer\" \t\t>\n\t\t<span>\n\t\t\t<span class=\"sow-icon-fontawesome sow-far\" data-sow-icon=\"&#xf35a;\"\n\t\tstyle=\"color: #ffffff\" ><\/span>\n\t\t\ttwitter\t\t<\/span>\n\t<\/a>\n<\/div>\n<\/div><\/div><\/div><div id=\"panel-gb2427-69fc821de3609-1-0-6\" class=\"so-panel widget widget_sow-image\" data-index=\"7\" ><div data-siteorigin-parallax=\"{&quot;backgroundUrl&quot;:&quot;https:\\\/\\\/hyptia.com\\\/wp-content\\\/uploads\\\/2020\\\/12\\\/SPOTIFY-2_Prancheta-1.png&quot;,&quot;backgroundSize&quot;:[2049,1367],&quot;backgroundSizing&quot;:&quot;scaled&quot;,&quot;limitMotion&quot;:&quot;auto&quot;}\" class=\"panel-widget-style panel-widget-style-for-gb2427-69fc821de3609-1-0-6\" ><div class=\"so-widget-sow-image so-widget-sow-image-default-17bc2272b535\">\n\n<div class=\"sow-image-container\">\n<a href=\"https:\/\/hyptia.com\/index.php\/coming-soon\/\" >\t<img decoding=\"async\" loading=\"lazy\" src=\"https:\/\/hyptia.com\/wp-content\/uploads\/2020\/12\/PODCAST.png\" width=\"1200\" height=\"683\" srcset=\"https:\/\/hyptia.com\/wp-content\/uploads\/2020\/12\/PODCAST.png 1200w, https:\/\/hyptia.com\/wp-content\/uploads\/2020\/12\/PODCAST-600x342.png 600w, https:\/\/hyptia.com\/wp-content\/uploads\/2020\/12\/PODCAST-300x171.png 300w, https:\/\/hyptia.com\/wp-content\/uploads\/2020\/12\/PODCAST-1024x583.png 1024w, https:\/\/hyptia.com\/wp-content\/uploads\/2020\/12\/PODCAST-768x437.png 768w\" sizes=\"(max-width: 1200px) 100vw, 1200px\" alt=\"\" \t\tclass=\"so-widget-image\"\/>\n<\/a><\/div>\n\n<\/div><\/div><\/div><div id=\"panel-gb2427-69fc821de3609-1-0-7\" class=\"so-panel widget widget_sow-button panel-last-child\" data-index=\"8\" ><div class=\"panel-widget-style panel-widget-style-for-gb2427-69fc821de3609-1-0-7\" ><div class=\"so-widget-sow-button so-widget-sow-button-flat-25bddbe22212\"><div class=\"ow-button-base ow-button-align-center\">\n\t<a href=\"https:\/\/hyptia.com\/index.php\/coming-soon\/\" class=\"ow-icon-placement-left ow-button-hover\" \t\t>\n\t\t<span>\n\t\t\t<span class=\"sow-icon-fontawesome sow-far\" data-sow-icon=\"&#xf35a;\"\n\t\tstyle=\"color: #ffffff\" ><\/span>\n\t\t\tspotify\t\t<\/span>\n\t<\/a>\n<\/div>\n<\/div><\/div><\/div><\/div><\/div><\/div><\/div>\n\n\n<p><\/p>\n","protected":false},"excerpt":{"rendered":"","protected":false},"author":1,"featured_media":0,"parent":0,"menu_order":0,"comment_status":"closed","ping_status":"closed","template":"","meta":{"neve_meta_sidebar":"full-width","neve_meta_container":"","neve_meta_enable_content_width":"on","neve_meta_content_width":80,"neve_meta_title_alignment":"","neve_meta_author_avatar":"","neve_post_elements_order":"","neve_meta_disable_header":"","neve_meta_disable_footer":"","neve_meta_disable_title":"on","_themeisle_gutenberg_block_has_review":false,"_ti_tpc_template_sync":false,"_ti_tpc_template_id":"","spay_email":""},"yoast_head":"<!-- This site is optimized with the Yoast SEO plugin v18.9 - https:\/\/yoast.com\/wordpress\/plugins\/seo\/ -->\n<title>PLATAFORMAS - HYPTIA - ASESOR\u00cdAS &amp; ESTILISMO<\/title>\n<meta name=\"robots\" content=\"index, follow, max-snippet:-1, max-image-preview:large, max-video-preview:-1\" \/>\n<link rel=\"canonical\" href=\"https:\/\/hyptia.com\/index.php\/plataformas\/\" \/>\n<meta property=\"og:locale\" content=\"es_ES\" \/>\n<meta property=\"og:type\" content=\"article\" \/>\n<meta property=\"og:title\" content=\"PLATAFORMAS - HYPTIA - ASESOR\u00cdAS &amp; ESTILISMO\" \/>\n<meta property=\"og:url\" content=\"https:\/\/hyptia.com\/index.php\/plataformas\/\" \/>\n<meta property=\"og:site_name\" content=\"HYPTIA - ASESOR\u00cdAS &amp; ESTILISMO\" \/>\n<meta property=\"article:modified_time\" content=\"2020-12-10T16:06:27+00:00\" \/>\n<meta property=\"og:image\" content=\"http:\/\/hyptia.com\/wp-content\/uploads\/2020\/11\/Logo-positiu.png\" \/>\n<meta name=\"twitter:card\" content=\"summary_large_image\" \/>\n<script type=\"application\/ld+json\" class=\"yoast-schema-graph\">{\"@context\":\"https:\/\/schema.org\",\"@graph\":[{\"@type\":\"WebSite\",\"@id\":\"https:\/\/hyptia.com\/#website\",\"url\":\"https:\/\/hyptia.com\/\",\"name\":\"HYPTIA - ASESOR\u00cdAS &amp; ESTILISMO\",\"description\":\"El universo creativo que une moda y experimentaci\u00f3n, donde encontrar aquello que te inspira y descubrirte a ti a trav\u00e9s del arte del estilismo, el asesoramiento de moda y la direcci\u00f3n creativa :)\",\"potentialAction\":[{\"@type\":\"SearchAction\",\"target\":{\"@type\":\"EntryPoint\",\"urlTemplate\":\"https:\/\/hyptia.com\/?s={search_term_string}\"},\"query-input\":\"required name=search_term_string\"}],\"inLanguage\":\"es\"},{\"@type\":\"ImageObject\",\"inLanguage\":\"es\",\"@id\":\"https:\/\/hyptia.com\/index.php\/plataformas\/#primaryimage\",\"url\":\"https:\/\/hyptia.com\/wp-content\/uploads\/2020\/11\/Logo-positiu.png\",\"contentUrl\":\"https:\/\/hyptia.com\/wp-content\/uploads\/2020\/11\/Logo-positiu.png\",\"width\":1314,\"height\":479},{\"@type\":\"WebPage\",\"@id\":\"https:\/\/hyptia.com\/index.php\/plataformas\/#webpage\",\"url\":\"https:\/\/hyptia.com\/index.php\/plataformas\/\",\"name\":\"PLATAFORMAS - HYPTIA - ASESOR\u00cdAS &amp; ESTILISMO\",\"isPartOf\":{\"@id\":\"https:\/\/hyptia.com\/#website\"},\"primaryImageOfPage\":{\"@id\":\"https:\/\/hyptia.com\/index.php\/plataformas\/#primaryimage\"},\"datePublished\":\"2020-12-04T19:18:36+00:00\",\"dateModified\":\"2020-12-10T16:06:27+00:00\",\"breadcrumb\":{\"@id\":\"https:\/\/hyptia.com\/index.php\/plataformas\/#breadcrumb\"},\"inLanguage\":\"es\",\"potentialAction\":[{\"@type\":\"ReadAction\",\"target\":[\"https:\/\/hyptia.com\/index.php\/plataformas\/\"]}]},{\"@type\":\"BreadcrumbList\",\"@id\":\"https:\/\/hyptia.com\/index.php\/plataformas\/#breadcrumb\",\"itemListElement\":[{\"@type\":\"ListItem\",\"position\":1,\"name\":\"Portada\",\"item\":\"https:\/\/hyptia.com\/\"},{\"@type\":\"ListItem\",\"position\":2,\"name\":\"PLATAFORMAS\"}]}]}<\/script>\n<!-- \/ Yoast SEO plugin. -->","yoast_head_json":{"title":"PLATAFORMAS - HYPTIA - ASESOR\u00cdAS &amp; ESTILISMO","robots":{"index":"index","follow":"follow","max-snippet":"max-snippet:-1","max-image-preview":"max-image-preview:large","max-video-preview":"max-video-preview:-1"},"canonical":"https:\/\/hyptia.com\/index.php\/plataformas\/","og_locale":"es_ES","og_type":"article","og_title":"PLATAFORMAS - HYPTIA - ASESOR\u00cdAS &amp; ESTILISMO","og_url":"https:\/\/hyptia.com\/index.php\/plataformas\/","og_site_name":"HYPTIA - ASESOR\u00cdAS &amp; ESTILISMO","article_modified_time":"2020-12-10T16:06:27+00:00","og_image":[{"url":"http:\/\/hyptia.com\/wp-content\/uploads\/2020\/11\/Logo-positiu.png"}],"twitter_card":"summary_large_image","schema":{"@context":"https:\/\/schema.org","@graph":[{"@type":"WebSite","@id":"https:\/\/hyptia.com\/#website","url":"https:\/\/hyptia.com\/","name":"HYPTIA - ASESOR\u00cdAS &amp; ESTILISMO","description":"El universo creativo que une moda y experimentaci\u00f3n, donde encontrar aquello que te inspira y descubrirte a ti a trav\u00e9s del arte del estilismo, el asesoramiento de moda y la direcci\u00f3n creativa :)","potentialAction":[{"@type":"SearchAction","target":{"@type":"EntryPoint","urlTemplate":"https:\/\/hyptia.com\/?s={search_term_string}"},"query-input":"required name=search_term_string"}],"inLanguage":"es"},{"@type":"ImageObject","inLanguage":"es","@id":"https:\/\/hyptia.com\/index.php\/plataformas\/#primaryimage","url":"https:\/\/hyptia.com\/wp-content\/uploads\/2020\/11\/Logo-positiu.png","contentUrl":"https:\/\/hyptia.com\/wp-content\/uploads\/2020\/11\/Logo-positiu.png","width":1314,"height":479},{"@type":"WebPage","@id":"https:\/\/hyptia.com\/index.php\/plataformas\/#webpage","url":"https:\/\/hyptia.com\/index.php\/plataformas\/","name":"PLATAFORMAS - HYPTIA - ASESOR\u00cdAS &amp; ESTILISMO","isPartOf":{"@id":"https:\/\/hyptia.com\/#website"},"primaryImageOfPage":{"@id":"https:\/\/hyptia.com\/index.php\/plataformas\/#primaryimage"},"datePublished":"2020-12-04T19:18:36+00:00","dateModified":"2020-12-10T16:06:27+00:00","breadcrumb":{"@id":"https:\/\/hyptia.com\/index.php\/plataformas\/#breadcrumb"},"inLanguage":"es","potentialAction":[{"@type":"ReadAction","target":["https:\/\/hyptia.com\/index.php\/plataformas\/"]}]},{"@type":"BreadcrumbList","@id":"https:\/\/hyptia.com\/index.php\/plataformas\/#breadcrumb","itemListElement":[{"@type":"ListItem","position":1,"name":"Portada","item":"https:\/\/hyptia.com\/"},{"@type":"ListItem","position":2,"name":"PLATAFORMAS"}]}]}},"uagb_featured_image_src":{"full":false,"thumbnail":false,"medium":false,"medium_large":false,"large":false,"1536x1536":false,"2048x2048":false,"neve-blog":false,"sow-carousel-default":false},"uagb_author_info":{"display_name":"contactbetas@gmail.com","author_link":"https:\/\/hyptia.com\/index.php\/author\/contactbetasgmail-com\/"},"uagb_comment_info":0,"uagb_excerpt":null,"_links":{"self":[{"href":"https:\/\/hyptia.com\/index.php\/wp-json\/wp\/v2\/pages\/2427"}],"collection":[{"href":"https:\/\/hyptia.com\/index.php\/wp-json\/wp\/v2\/pages"}],"about":[{"href":"https:\/\/hyptia.com\/index.php\/wp-json\/wp\/v2\/types\/page"}],"author":[{"embeddable":true,"href":"https:\/\/hyptia.com\/index.php\/wp-json\/wp\/v2\/users\/1"}],"replies":[{"embeddable":true,"href":"https:\/\/hyptia.com\/index.php\/wp-json\/wp\/v2\/comments?post=2427"}],"version-history":[{"count":17,"href":"https:\/\/hyptia.com\/index.php\/wp-json\/wp\/v2\/pages\/2427\/revisions"}],"predecessor-version":[{"id":3157,"href":"https:\/\/hyptia.com\/index.php\/wp-json\/wp\/v2\/pages\/2427\/revisions\/3157"}],"wp:attachment":[{"href":"https:\/\/hyptia.com\/index.php\/wp-json\/wp\/v2\/media?parent=2427"}],"curies":[{"name":"wp","href":"https:\/\/api.w.org\/{rel}","templated":true}]}}